 - 4*r - 2399. Is r prime?
False
Suppose 91610 = 13*n - 270323. Is n prime?
False
Suppose q + c - 8006 = 0, -26*q + 25*q + 8021 = 4*c. Suppose 9*o - 1737 = q. Is o prime?
False
Suppose -45*y - 94864 = -61*y. Suppose 0 = -q + 5, 0 = -5*s + s - q + y. Is s composite?
False
Suppose d - 2*u - 170699 = -20910, -748945 = -5*d - u. Is d a prime number?
False
Let t(o) = 15870*o**2 - 155*o + 996. Is t(7) prime?
True
Let n = 5713 - 3425. Suppose -n = -2*b - 0*b. Suppose v = -95 + b. Is v a composite number?
False
Suppose -n + f + 9255 = 0, -5*n + 241*f + 46283 = 240*f. Is n a prime number?
True
Let w = 36652 - 21161. Is w a prime number?
False
Let b(v) be the first derivative of 4*v**3/3 - 3*v**2/2 + 4*v + 14. Let l be b(3). Let q(g) = 2*g**2 - 6*g - 43. Is q(l) composite?
False
Suppose -4*g - g + 740182 - 167447 = 0. Is g prime?
True
Let q be -1*1 + 18/12*136. Let g be 2 - ((1 - 2) + (2 - 1)). Suppose g*r - q = 2135. Is r a prime number?
False
Is (-4 - (-136)/32)/(2/8)*536051 composite?
False
Let b(s) = 2246*s - 3737. Is b(68) a composite number?
False
Let b(m) = m**2 + 3 + 0 + 473*m - 464*m. Let l be b(-6). Let z(t) = -18*t - 35. Is z(l) prime?
False
Suppose -24*z + 16 + 32 = 0. Suppose 4*m = d + 762, 341 = 3*m - z*d - 228. Is m a prime number?
True
Let t = -414462 - -687251. Is t prime?
False
Suppose -4*m = 2*q - 766, -5*q + q - 4 = 0. Let u = 59 + m. Is u - (3*-2)/3 composite?
True
Is 220/22 + 8066 + 1 a prime number?
False
Let s(h) = 1875*h**2 + 97*h - 27. Is s(8) composite?
False
Suppose b + 4*b = 4*m + 24, m + 1 = 0. Suppose -b*k + 7*d - 35 = 6*d, 15 = -k - d. Is (-5 - (-3335)/k)/(1/(-2)) composite?
False
Let l(g) = 615*g**2 + 2*g + 5 - 2 + 2945*g**2. Suppose -2*w + 7*w + 5 = 0. Is l(w) a prime number?
False
Suppose 2*h + 204 = -464. Is (h/(-5) + -4)*(-10)/(-4) prime?
True
Let a(g) be the third derivative of 97*g**5/60 + g**4/2 - 43*g**3/3 + 138*g**2. Is a(4) a prime number?
False
Let k be 5 - (-1 - ((-9)/3)/3). Suppose -7509 = -3*l + x, 2*l + k*x - 2077 = 2929. Is l prime?
True
Let g be 1*6/(5/(-2) - -4). Suppose -4*m + 6*m - 3*u = 7013, -g*m + 5*u = -14029. Is m prime?
True
Suppose 6*t + 4 = -20. Let p be (-307780)/(-60) - (t/6)/2. Suppose p = 5*f - 2425. Is f composite?
False
Let f = 509868 + 53150. Is f prime?
False
Let o be (163818/(-798))/((-2)/42). Let r be 39/6 - 1/(-2). Suppose 2*l = -r*l + o. Is l a prime number?
True
Let g be 10/3*(-9618)/(-28). Suppose -4556 = -5*w + o - g, -3*w - 2*o = -2057. Is w composite?
False
Let p be ((-12)/8)/((-1)/((-24830)/(-15))). Let s = p + -430. Is s a composite number?
False
Suppose i - 14 = -15. Is ((-18)/(-18))/(i/(-6547)) a composite number?
False
Let c = -13219 + 25734. Is c prime?
False
Suppose 2*q + 12 = 2*i, 4*i = -0*i + q + 12. Suppose 0 = a - 3*a + i*y + 2676, y = -5*a + 6696. Is a composite?
True
Let i be (-13 - -4)/3 + 41. Suppose 4*d = i - 14. Suppose z + 3335 = d*z. Is z prime?
False
Suppose 2*i + 0*i - 6 = 0. Is i/(-1)*(-887)/3 composite?
False
Is (-527 + 526)/((0 + 1)*(-2)/82666) a composite number?
False
Suppose 3*f + n = 0, n - 2*n = 0. Suppose -z - 10*z + 56925 = f. Suppose 2644 + z = 7*t. Is t a prime number?
True
Is ((192868/3)/2)/(1 + 6/(-18)) a composite number?
True
Let x(q) = 12*q**2 + 117*q - 118. Is x(-35) prime?
True
Let w = -8052 + 56681. Is w prime?
False
Suppose 0 = -l + 3*k + 382717, 3*k + 171063 - 1319190 = -3*l. Is l a prime number?
False
Suppose -3*a - 126*a + 22297602 = -15*a. Is a a prime number?
True
Is (-58715854)/(-164) - 30/(-4) a composite number?
False
Let s = -26 + 28. Is ((-1)/s)/(8/8)*-5578 a prime number?
True
Let y(r) = 11335*r - 1606. Is y(5) a composite number?
True
Let o be (2/3)/((-10)/(-75)) + 16830. Let r = o + -8584. Is r a prime number?
False
Let g(o) = -o**3 - 13*o**2 + o + 11. Let q be g(-13). Let s be 25/10 + 42/12. Is 486 - (q + 2/s*3) a prime number?
True
Suppose -336400236 - 368476839 = -315*o. Is o composite?
True
Let b = 374135 + -226282. Is b composite?
False
Let j(b) = -32*b**3 - 23*b**2 + 9*b**2 - 3 - 3*b + 12*b**2 + 3*b**2. Let f be j(-2). Suppose -4*z + 309 = -f. Is z a composite number?
True
Suppose -234054 = -19*y + 54309. Is y a composite number?
True
Let y(t) = 39*t**2 - 248*t + 17. Is y(-40) a prime number?
True
Let i be (-54)/45*(-500)/8. Is (i/6)/5*80158/65 composite?
False
Let c be 1560 - 9/(18/(-4)). Suppose -10*f + 164092 = c. Is f a prime number?
True
Let i(t) = -t**2 - 7*t + 6. Let k be i(2). Is -1109*(k/(-4))/(-3) a prime number?
True
Suppose 22*u - 24973 = 37930 - 20157. Is u a prime number?
False
Let d be (1/3 + 0)*3. Suppose 3*u + d = 3*g + 2*u, 2*g = -u + 9. Suppose -g*o = -1881 + 391. Is o a composite number?
True
Let t be 6/48*8 + -13. Suppose -13 = -2*c + c + o, 3*o + 15 = 0. Is (-2289)/t + 2/c a composite number?
False
Let k be 16/(-72) + (-50)/18. Let r be (-9 - k)/((-18)/12) - 49. Is -4 + ((-4)/(-10) - 28467/r) prime?
False
Let p be (2/1)/(2 - 3) - -1. Let u(b) = -33*b + 1. Let f be u(p). Suppose 11276 = f*t - 30*t. Is t a composite number?
False
Let d = 505873 - 342330. Is d a prime number?
True
Let f(c) = -171*c - 32. Let u be (-3)/7 + (6 - (-67)/(-7)). Let l be f(u). Suppose j + 3*j - l = 0. Is j composite?
False
Suppose -27*t + 1413570 + 19613963 + 1688620 = 0. Is t a prime number?
False
Let k = 644884 - 377667. Is k prime?
True
Suppose -7280 = -4*r - 1092. Suppose 0 = 4*s - 5*k - 1207 - 874, 0 = -3*s + k + r. Is s composite?
True
Let u(s) = 2177*s - 251. Is u(2) composite?
True
Is (-2866423070)/(-882) - (-3 + (-75)/(-27)) composite?
False
Let r(c) = -2*c - 13. Let u be r(-8). Suppose u*l + 737 = t, -t - 2*l = 3*t - 2878. Suppose h + 53 = t. Is h composite?
True
Let v be (-2)/4 + 961551/54. Suppose -v = -7*a - 2259. Is a a composite number?
False
Let r(s) = -2*s**3 - 2*s**2 - 4*s + 2. Let d be r(7). Let i = d - -1217. Let w = i + -264. Is w prime?
False
Let h be (-6 - (-13 + 3))*64. Let w = 947 - h. Is w a prime number?
True
Let a(f) = -f**2 - 5*f**3 + 7*f - 7*f**3 - 6*f**3 + 2. Let g be a(-3). Let t = g - -195. Is t prime?
True
Let q(k) = -k**2 - 10*k + 377. Let m be q(-25). Let n(f) = -3*f + 34*f**3 + 2*f**2 - f**2 - 1 + f. Is n(m) a prime number?
True
Suppose -20 = -2*q - 4*k, -2*q + 0 = -4*k - 4. Suppose -q*x + 839 = -475. Is x prime?
False
Let k(q) = 12*q - 33. Let y be k(3). Suppose 0 = c - 5*i - 496, i + y*i = 3*c - 1455. Is c composite?
True
Let a = -26 - -5. Let n = -42 - a. Is 1/(-3) + -6 + (-30919)/n a composite number?
True
Let j(u) = -2*u**2 + 14*u - 15. Let h be j(6). Is (h + 4)*1/2*746 composite?
False
Suppose 0 = -4*n + 5*n + 1, -5*b + n + 61 = 0. Suppose -5*h + b = -8. Suppose 410 = h*o - 122. Is o a prime number?
False
Let a(v) = -v**3 + 32*v**2 + 34*v - 30. Let j be a(33). Let d(q) = -67*q**2 + 3*q + 4. Let r be d(j). Let z = r + 1131. Is z composite?
False
Let b = -1417100 + 2009529. Is b a prime number?
True
Suppose -10*n = -8*n - 120. Suppose -105 = 53*k - n*k. Is k a prime number?
False
Suppose -2*u = -10*u + 80862 + 67834. Is u composite?
False
Suppose -35*o + 1151 + 6689 = 0. Suppose 223*h + 9289 = o*h. Is h a prime number?
False
Suppose 0 = z - 10*z - 5157. Let v = 183 + z. Is 4 - v/(4/2) prime?
True
Suppose -20 = -106*c + 102*c, -4*p + 3*c + 6811445 = 0. Is p a composite number?
True
Let p be (-8)/(-16) + (-33178)/(-4). Let v = -3464 + p. Is v composite?
False
Let h(f) = f - 2. Let u be h(7). Let n(z) = -z**3 - 2*z**2 - 7*z + 603. Let p be n(0). Suppose -o + u*a + p = 0, -507 = -2*o + 5*a + 709. Is o composite?
False
Suppose 2*s = k + 6873, -s - 6*k = -11*k - 3432. Is s prime?
False
Let a(x) = 61987*x + 283. Is a(4) prime?
True
Suppose -2*m = -3*j - 3720 - 5338, -3*j = -m + 4523. Let z = -1656 + 1662. Suppose -m = o - z*o. Is o a composite number?
False
Suppose x = 116 - 111, 3*g - 5*x = 716102. Is g a prime number?
True
Let l(b) = -b + 6. Let c be l(4). Suppose 2*m + 2208 = -4*w + 8088, -2*m + 5874 = c*w. Suppose 2*r - 4*o = 551 + 1419, -3*r + m = o. Is r composite?
True
Suppose 2*x + 4 = 0, 2*c + 5*x = -3*c - 60. Let r be (-32)/6*45/c. Suppose -182 = -2*b - r. Is b a prime number?
True
Let v(w) = 187*w + 4. Let b be v(25). Suppose n + 2*g = 1169, 4*n + 5*g - b = -0*g. Is n a prime number?
True
Let s(n) = 2*n**2 - 4*n + 1488. Let l be s(0). Suppose 0 = 4*c + 220 - l. Is c a com